[INFO] cloning repository https://github.com/roblabla42/KFS
[INFO] running `Command { std: "git" "-c" "credential.helper=" "-c" "credential.helper=/workspace/cargo-home/bin/git-credential-null" "clone" "--bare" "https://github.com/roblabla42/KFS" "/workspace/cache/git-repos/https%3A%2F%2Fgithub.com%2Froblabla42%2FKFS", kill_on_drop: false }`
[INFO] [stderr] Cloning into bare repository '/workspace/cache/git-repos/https%3A%2F%2Fgithub.com%2Froblabla42%2FKFS'...
[INFO] running `Command { std: "git" "rev-parse" "HEAD", kill_on_drop: false }`
[INFO] [stdout] c42cf3f2efe2c3e96510200c78b5c12e2acea006
[INFO] building roblabla42/KFS against master#881c1ac408d93bb7adaa3a51dabab9266e82eee8 for issue-85264
[INFO] running `Command { std: "git" "clone" "/workspace/cache/git-repos/https%3A%2F%2Fgithub.com%2Froblabla42%2FKFS" "/workspace/builds/worker-2/source", kill_on_drop: false }`
[INFO] [stderr] Cloning into '/workspace/builds/worker-2/source'...
[INFO] [stderr] done.
[INFO] validating manifest of git repo https://github.com/roblabla42/KFS on toolchain 881c1ac408d93bb7adaa3a51dabab9266e82eee8
[INFO] running `Command { std: "/workspace/cargo-home/bin/cargo" "+881c1ac408d93bb7adaa3a51dabab9266e82eee8" "metadata" "--manifest-path" "Cargo.toml" "--no-deps", kill_on_drop: false }`
[INFO] removed /workspace/builds/worker-2/source/rust-toolchain
[INFO] started tweaking git repo https://github.com/roblabla42/KFS
[INFO] finished tweaking git repo https://github.com/roblabla42/KFS
[INFO] tweaked toml for git repo https://github.com/roblabla42/KFS written to /workspace/builds/worker-2/source/Cargo.toml
[INFO] crate git repo https://github.com/roblabla42/KFS already has a lockfile, it will not be regenerated
[INFO] running `Command { std: "/workspace/cargo-home/bin/cargo" "+881c1ac408d93bb7adaa3a51dabab9266e82eee8" "fetch" "--manifest-path" "Cargo.toml", kill_on_drop: false }`
[INFO] [stderr]     Updating git repository `https://github.com/sunriseos/atty.git`
[INFO] [stderr]     Updating git repository `https://github.com/sunriseos/clap.git`
[INFO] [stderr]     Updating git repository `https://github.com/sunriseos/filetime.git`
[INFO] [stderr]     Updating git repository `https://github.com/sunriseos/libc.git`
[INFO] [stderr]     Updating git repository `https://github.com/sunriseos/platform-info.git`
[INFO] [stderr]     Updating git repository `https://github.com/sunriseos/termsize.git`
[INFO] [stderr]     Updating git repository `https://github.com/sunriseos/time.git`
[INFO] [stderr]     Updating git repository `https://github.com/sunriseos/uucore.git`
[INFO] [stderr]     Updating git repository `https://github.com/sunriseos/acpi.git`
[INFO] [stderr]     Updating git repository `https://github.com/sunriseos/multiboot2-elf64.git`
[INFO] [stderr]     Updating git repository `https://github.com/SunriseOS/image-gif`
[INFO] [stderr]     Updating git repository `https://github.com/KokaKiwi/rust-hex`
[INFO] [stderr]     Updating git repository `https://github.com/Thog/cargo-5730.git`
[INFO] [stderr]     Updating git repository `https://github.com/SunriseOS/font-rs`
[INFO] [stderr]     Updating git repository `https://github.com/sunriseos/libfat.git`
[INFO] [stderr]     Updating git repository `https://github.com/sunriseos/storage_device.git`
[INFO] [stderr]     Updating git repository `https://github.com/uutils/rust-users`
[INFO] [stderr]     Updating git repository `https://github.com/SunriseOS/color_quant`
[INFO] [stderr]     Updating git repository `https://github.com/SunriseOS/lzw`
[INFO] [stderr]     Blocking waiting for file lock on package cache
[INFO] [stderr]  Downloading crates ...
[INFO] [stderr]   Downloaded onig v4.3.3
[INFO] [stderr]   Downloaded cpp_synom v0.12.0
[INFO] [stderr]   Downloaded cpp_build v0.4.0
[INFO] [stderr]   Downloaded cpp_common v0.4.0
[INFO] [stderr]   Downloaded cpp_syn v0.12.0
[INFO] [stderr]   Downloaded cpp_synmap v0.3.0
[INFO] [stderr]   Downloaded onig_sys v69.1.0
[INFO] [stderr]   Downloaded xmas-elf v0.7.0
[INFO] [stderr]   Downloaded atomic v0.4.5
[INFO] [stderr]   Downloaded cpp v0.4.0
[INFO] [stderr]   Downloaded lru v0.5.0
[INFO] [stderr]   Downloaded walker v1.0.1
[INFO] [stderr]   Downloaded wild v2.0.2
[INFO] [stderr]   Downloaded cpp_macros v0.4.0
[INFO] [stderr]   Downloaded generational-arena v0.2.3
[INFO] [stderr]   Downloaded bstr v0.2.7
[INFO] running `Command { std: "docker" "create" "-v" "/var/lib/crater-agent-workspace/builds/worker-2/target:/opt/rustwide/target:rw,Z" "-v" "/var/lib/crater-agent-workspace/builds/worker-2/source:/opt/rustwide/workdir:ro,Z" "-v" "/var/lib/crater-agent-workspace/cargo-home:/opt/rustwide/cargo-home:ro,Z" "-v" "/var/lib/crater-agent-workspace/rustup-home:/opt/rustwide/rustup-home:ro,Z" "-e" "SOURCE_DIR=/opt/rustwide/workdir" "-e" "CARGO_TARGET_DIR=/opt/rustwide/target" "-e" "CARGO_HOME=/opt/rustwide/cargo-home" "-e" "RUSTUP_HOME=/opt/rustwide/rustup-home" "-w" "/opt/rustwide/workdir" "-m" "1610612736" "--user" "0:0" "--network" "none" "ghcr.io/rust-lang/crates-build-env/linux@sha256:20528e8c29e4536546f0102ce88568b16ea7538393a33fcca951030f7af10457" "/opt/rustwide/cargo-home/bin/cargo" "+881c1ac408d93bb7adaa3a51dabab9266e82eee8" "metadata" "--no-deps" "--format-version=1", kill_on_drop: false }`
[INFO] [stdout] 52251ff969ee66250c9f65e1df11d38970544024b5aed3f8abe2135fd807f2e1
[INFO] [stderr] WARNING: Your kernel does not support swap limit capabilities or the cgroup is not mounted. Memory limited without swap.
[INFO] running `Command { std: "docker" "start" "-a" "52251ff969ee66250c9f65e1df11d38970544024b5aed3f8abe2135fd807f2e1", kill_on_drop: false }`
[INFO] running `Command { std: "docker" "inspect" "52251ff969ee66250c9f65e1df11d38970544024b5aed3f8abe2135fd807f2e1", kill_on_drop: false }`
[INFO] running `Command { std: "docker" "rm" "-f" "52251ff969ee66250c9f65e1df11d38970544024b5aed3f8abe2135fd807f2e1", kill_on_drop: false }`
[INFO] [stdout] 52251ff969ee66250c9f65e1df11d38970544024b5aed3f8abe2135fd807f2e1
[INFO] running `Command { std: "docker" "create" "-v" "/var/lib/crater-agent-workspace/builds/worker-2/target:/opt/rustwide/target:rw,Z" "-v" "/var/lib/crater-agent-workspace/builds/worker-2/source:/opt/rustwide/workdir:ro,Z" "-v" "/var/lib/crater-agent-workspace/cargo-home:/opt/rustwide/cargo-home:ro,Z" "-v" "/var/lib/crater-agent-workspace/rustup-home:/opt/rustwide/rustup-home:ro,Z" "-e" "SOURCE_DIR=/opt/rustwide/workdir" "-e" "CARGO_TARGET_DIR=/opt/rustwide/target" "-e" "CARGO_INCREMENTAL=0" "-e" "RUST_BACKTRACE=full" "-e" "RUSTFLAGS=--cap-lints=forbid" "-e" "CARGO_HOME=/opt/rustwide/cargo-home" "-e" "RUSTUP_HOME=/opt/rustwide/rustup-home" "-w" "/opt/rustwide/workdir" "-m" "1610612736" "--user" "0:0" "--network" "none" "ghcr.io/rust-lang/crates-build-env/linux@sha256:20528e8c29e4536546f0102ce88568b16ea7538393a33fcca951030f7af10457" "/opt/rustwide/cargo-home/bin/cargo" "+881c1ac408d93bb7adaa3a51dabab9266e82eee8" "build" "--frozen" "--message-format=json", kill_on_drop: false }`
[INFO] [stdout] 85623ce4f14be5af96c363a5f6ae67888f25488b6988e7782719c867bc4d766f
[INFO] [stderr] WARNING: Your kernel does not support swap limit capabilities or the cgroup is not mounted. Memory limited without swap.
[INFO] running `Command { std: "docker" "start" "-a" "85623ce4f14be5af96c363a5f6ae67888f25488b6988e7782719c867bc4d766f", kill_on_drop: false }`
[INFO] [stderr]    Compiling libc v0.2.64 (https://github.com/sunriseos/libc.git?branch=sunrise#53c8be04)
[INFO] [stderr]    Compiling syn v0.15.40
[INFO] [stderr]    Compiling failure_derive v0.1.5
[INFO] [stderr]    Compiling winapi v0.3.7
[INFO] [stderr]    Compiling nix v0.13.1
[INFO] [stderr]    Compiling data-encoding v2.1.2
[INFO] [stderr]    Compiling wild v2.0.2
[INFO] [stderr]    Compiling nodrop v0.1.13
[INFO] [stderr]    Compiling log v0.4.8
[INFO] [stderr]    Compiling bit_field v0.10.0
[INFO] [stderr]    Compiling maplit v1.0.1
[INFO] [stderr]    Compiling futures-core-preview v0.3.0-alpha.16
[INFO] [stderr]    Compiling ident_case v1.0.1
[INFO] [stderr]    Compiling arrayvec v0.4.11
[INFO] [stderr]    Compiling static_assertions v0.3.3
[INFO] [stderr]    Compiling pin-utils v0.1.0-alpha.4
[INFO] [stderr]    Compiling hashbrown v0.5.0
[INFO] [stderr]    Compiling ansi_term v0.11.0
[INFO] [stderr]    Compiling strsim v0.8.0
[INFO] [stderr]    Compiling vec_map v0.8.1
[INFO] [stderr]    Compiling bitfield v0.13.2
[INFO] [stderr]    Compiling getrandom v0.1.14
[INFO] [stderr]    Compiling proc-macro-hack v0.5.16
[INFO] [stderr]    Compiling same-file v1.0.5
[INFO] [stderr]    Compiling regex-syntax v0.6.12
[INFO] [stderr]    Compiling pkg-config v0.3.16
[INFO] [stderr]    Compiling byte-tools v0.2.0
[INFO] [stderr]    Compiling remove_dir_all v0.5.2
[INFO] [stderr]    Compiling either v1.5.3
[INFO] [stderr]    Compiling zero v0.1.2
[INFO] [stderr]    Compiling proc-macro-hack-impl v0.4.2
[INFO] [stderr]    Compiling hostname v0.0.1 (/opt/rustwide/workdir/coreutils/src/hostname)
[INFO] [stderr]    Compiling users v0.0.1 (/opt/rustwide/workdir/coreutils/src/users)
[INFO] [stderr]    Compiling hostid v0.0.1 (/opt/rustwide/workdir/coreutils/src/hostid)
[INFO] [stderr]    Compiling uniq v0.0.1 (/opt/rustwide/workdir/coreutils/src/uniq)
[INFO] [stderr]    Compiling timeout v0.0.1 (/opt/rustwide/workdir/coreutils/src/timeout)
[INFO] [stderr]    Compiling whoami v0.0.1 (/opt/rustwide/workdir/coreutils/src/whoami)
[INFO] [stderr]    Compiling nl v0.0.1 (/opt/rustwide/workdir/coreutils/src/nl)
[INFO] [stderr]    Compiling mkfifo v0.0.1 (/opt/rustwide/workdir/coreutils/src/mkfifo)
[INFO] [stderr]    Compiling install v0.0.1 (/opt/rustwide/workdir/coreutils/src/install)
[INFO] [stderr]    Compiling more v0.0.1 (/opt/rustwide/workdir/coreutils/src/more)
[INFO] [stderr]    Compiling uptime v0.0.1 (/opt/rustwide/workdir/coreutils/src/uptime)
[INFO] [stderr]    Compiling ln v0.0.1 (/opt/rustwide/workdir/coreutils/src/ln)
[INFO] [stderr]    Compiling realpath v0.0.1 (/opt/rustwide/workdir/coreutils/src/realpath)
[INFO] [stderr]    Compiling comm v0.0.1 (/opt/rustwide/workdir/coreutils/src/comm)
[INFO] [stderr]    Compiling id v0.0.1 (/opt/rustwide/workdir/coreutils/src/id)
[INFO] [stderr]    Compiling chown v0.0.1 (/opt/rustwide/workdir/coreutils/src/chown)
[INFO] [stderr]    Compiling expand v0.0.1 (/opt/rustwide/workdir/coreutils/src/expand)
[INFO] [stderr]    Compiling mkdir v0.0.1 (/opt/rustwide/workdir/coreutils/src/mkdir)
[INFO] [stderr]    Compiling wc v0.0.1 (/opt/rustwide/workdir/coreutils/src/wc)
[INFO] [stderr]    Compiling tsort v0.0.1 (/opt/rustwide/workdir/coreutils/src/tsort)
[INFO] [stderr]    Compiling chmod v0.0.1 (/opt/rustwide/workdir/coreutils/src/chmod)
[INFO] [stderr]    Compiling unlink v0.0.1 (/opt/rustwide/workdir/coreutils/src/unlink)
[INFO] [stderr]    Compiling kill v0.0.1 (/opt/rustwide/workdir/coreutils/src/kill)
[INFO] [stderr]    Compiling logname v0.0.1 (/opt/rustwide/workdir/coreutils/src/logname)
[INFO] [stderr]    Compiling env v0.0.1 (/opt/rustwide/workdir/coreutils/src/env)
[INFO] [stderr]    Compiling od v0.0.1 (/opt/rustwide/workdir/coreutils/src/od)
[INFO] [stderr]    Compiling nproc v0.0.1 (/opt/rustwide/workdir/coreutils/src/nproc)
[INFO] [stderr]    Compiling cat v0.0.1 (/opt/rustwide/workdir/coreutils/src/cat)
[INFO] [stderr]    Compiling who v0.0.1 (/opt/rustwide/workdir/coreutils/src/who)
[INFO] [stderr]    Compiling nice v0.0.1 (/opt/rustwide/workdir/coreutils/src/nice)
[INFO] [stderr]    Compiling mv v0.0.1 (/opt/rustwide/workdir/coreutils/src/mv)
[INFO] [stderr]    Compiling ptx v0.0.1 (/opt/rustwide/workdir/coreutils/src/ptx)
[INFO] [stderr]    Compiling cut v0.0.1 (/opt/rustwide/workdir/coreutils/src/cut)
[INFO] [stderr]    Compiling tty v0.0.1 (/opt/rustwide/workdir/coreutils/src/tty)
[INFO] [stderr]    Compiling dirname v0.0.1 (/opt/rustwide/workdir/coreutils/src/dirname)
[INFO] [stderr]    Compiling pathchk v0.0.1 (/opt/rustwide/workdir/coreutils/src/pathchk)
[INFO] [stderr]    Compiling nohup v0.0.1 (/opt/rustwide/workdir/coreutils/src/nohup)
[INFO] [stderr]    Compiling du v0.0.1 (/opt/rustwide/workdir/coreutils/src/du)
[INFO] [stderr]    Compiling rm v0.0.1 (/opt/rustwide/workdir/coreutils/src/rm)
[INFO] [stderr]    Compiling tr v0.0.1 (/opt/rustwide/workdir/coreutils/src/tr)
[INFO] [stderr]    Compiling sleep v0.0.1 (/opt/rustwide/workdir/coreutils/src/sleep)
[INFO] [stderr]    Compiling echo v0.0.1 (/opt/rustwide/workdir/coreutils/src/echo)
[INFO] [stderr]    Compiling chroot v0.0.1 (/opt/rustwide/workdir/coreutils/src/chroot)
[INFO] [stderr]    Compiling basename v0.0.1 (/opt/rustwide/workdir/coreutils/src/basename)
[INFO] [stderr]    Compiling base64 v0.0.1 (/opt/rustwide/workdir/coreutils/src/base64)
[INFO] [stderr]    Compiling false v0.0.1 (/opt/rustwide/workdir/coreutils/src/false)
[INFO] [stderr]    Compiling dircolors v0.0.1 (/opt/rustwide/workdir/coreutils/src/dircolors)
[INFO] [stderr]    Compiling pinky v0.0.1 (/opt/rustwide/workdir/coreutils/src/pinky)
[INFO] [stderr]    Compiling link v0.0.1 (/opt/rustwide/workdir/coreutils/src/link)
[INFO] [stderr]    Compiling sync v0.0.1 (/opt/rustwide/workdir/coreutils/src/sync)
[INFO] [stderr]    Compiling mktemp v0.0.1 (/opt/rustwide/workdir/coreutils/src/mktemp)
[INFO] [stderr]    Compiling tac v0.0.1 (/opt/rustwide/workdir/coreutils/src/tac)
[INFO] [stderr]    Compiling test v0.0.1 (/opt/rustwide/workdir/coreutils/src/test)
[INFO] [stderr]    Compiling head v0.0.1 (/opt/rustwide/workdir/coreutils/src/head)
[INFO] [stderr]    Compiling tee v0.0.1 (/opt/rustwide/workdir/coreutils/src/tee)
[INFO] [stderr]    Compiling seq v0.0.1 (/opt/rustwide/workdir/coreutils/src/seq)
[INFO] [stderr]    Compiling printf v0.0.1 (/opt/rustwide/workdir/coreutils/src/printf)
[INFO] [stderr]    Compiling arch v0.0.1 (/opt/rustwide/workdir/coreutils/src/arch)
[INFO] [stderr]    Compiling touch v0.0.1 (/opt/rustwide/workdir/coreutils/src/touch)
[INFO] [stderr]    Compiling shuf v0.0.1 (/opt/rustwide/workdir/coreutils/src/shuf)
[INFO] [stderr]    Compiling numfmt v0.0.1 (/opt/rustwide/workdir/coreutils/src/numfmt)
[INFO] [stderr]    Compiling date v0.0.1 (/opt/rustwide/workdir/coreutils/src/date)
[INFO] [stderr]    Compiling stat v0.0.1 (/opt/rustwide/workdir/coreutils/src/stat)
[INFO] [stderr]    Compiling unexpand v0.0.1 (/opt/rustwide/workdir/coreutils/src/unexpand)
[INFO] [stderr]    Compiling pwd v0.0.1 (/opt/rustwide/workdir/coreutils/src/pwd)
[INFO] [stderr]    Compiling readlink v0.0.1 (/opt/rustwide/workdir/coreutils/src/readlink)
[INFO] [stderr]    Compiling uname v0.0.1 (/opt/rustwide/workdir/coreutils/src/uname)
[INFO] [stderr]    Compiling ls v0.0.1 (/opt/rustwide/workdir/coreutils/src/ls)
[INFO] [stderr]    Compiling tail v0.0.1 (/opt/rustwide/workdir/coreutils/src/tail)
[INFO] [stderr]    Compiling cksum v0.0.1 (/opt/rustwide/workdir/coreutils/src/cksum)
[INFO] [stderr]    Compiling groups v0.0.1 (/opt/rustwide/workdir/coreutils/src/groups)
[INFO] [stderr]    Compiling fold v0.0.1 (/opt/rustwide/workdir/coreutils/src/fold)
[INFO] [stderr]    Compiling rmdir v0.0.1 (/opt/rustwide/workdir/coreutils/src/rmdir)
[INFO] [stderr]    Compiling chgrp v0.0.1 (/opt/rustwide/workdir/coreutils/src/chgrp)
[INFO] [stderr]    Compiling paste v0.0.1 (/opt/rustwide/workdir/coreutils/src/paste)
[INFO] [stderr]    Compiling factor v0.0.1 (/opt/rustwide/workdir/coreutils/src/factor)
[INFO] [stderr]    Compiling sum v0.0.1 (/opt/rustwide/workdir/coreutils/src/sum)
[INFO] [stderr]    Compiling hashsum v0.0.1 (/opt/rustwide/workdir/coreutils/src/hashsum)
[INFO] [stderr]    Compiling mknod v0.0.1 (/opt/rustwide/workdir/coreutils/src/mknod)
[INFO] [stderr]    Compiling split v0.0.1 (/opt/rustwide/workdir/coreutils/src/split)
[INFO] [stderr]    Compiling fmt v0.0.1 (/opt/rustwide/workdir/coreutils/src/fmt)
[INFO] [stderr]    Compiling truncate v0.0.1 (/opt/rustwide/workdir/coreutils/src/truncate)
[INFO] [stderr]    Compiling printenv v0.0.1 (/opt/rustwide/workdir/coreutils/src/printenv)
[INFO] [stderr]    Compiling shred v0.0.1 (/opt/rustwide/workdir/coreutils/src/shred)
[INFO] [stderr]    Compiling yes v0.0.1 (/opt/rustwide/workdir/coreutils/src/yes)
[INFO] [stderr]    Compiling join v0.0.1 (/opt/rustwide/workdir/coreutils/src/join)
[INFO] [stderr]    Compiling true v0.0.1 (/opt/rustwide/workdir/coreutils/src/true)
[INFO] [stderr]    Compiling expr v0.0.1 (/opt/rustwide/workdir/coreutils/src/expr)
[INFO] [stderr]    Compiling cargo-5730 v0.1.0 (https://github.com/Thog/cargo-5730.git?branch=feature/windows-support#be3c927c)
[INFO] [stderr]    Compiling relpath v0.0.1 (/opt/rustwide/workdir/coreutils/src/relpath)
[INFO] [stderr]    Compiling sort v0.0.1 (/opt/rustwide/workdir/coreutils/src/sort)
[INFO] [stderr]    Compiling cp v0.0.1 (/opt/rustwide/workdir/coreutils/src/cp)
[INFO] [stderr]    Compiling base32 v0.0.1 (/opt/rustwide/workdir/coreutils/src/base32)
[INFO] [stderr]    Compiling ioctl-sys v0.5.2
[INFO] [stderr]    Compiling uuid v0.7.4
[INFO] [stderr]    Compiling uutils v0.0.1 (/opt/rustwide/workdir/coreutils)
[INFO] [stderr]    Compiling half v1.4.0
[INFO] [stderr]    Compiling hex v0.2.0
[INFO] [stderr]    Compiling bit_field v0.9.0
[INFO] [stderr]    Compiling color_quant v1.0.1 (https://github.com/SunriseOS/color_quant#3f7a1f3a)
[INFO] [stderr]    Compiling smallvec v0.6.10
[INFO] [stderr]    Compiling md5 v0.3.8
[INFO] [stderr]    Compiling walker v1.0.1
[INFO] [stderr]    Compiling lzw v0.10.0 (https://github.com/SunriseOS/lzw#b4ca11f8)
[INFO] [stderr]    Compiling hex v0.3.2 (https://github.com/KokaKiwi/rust-hex#264b89f9)
[INFO] [stderr]    Compiling atomic v0.4.5
[INFO] [stderr]    Compiling spin v0.4.10
[INFO] [stderr]    Compiling docs v0.1.0 (/opt/rustwide/workdir/docs)
[INFO] [stderr]    Compiling lazy_static v1.3.0
[INFO] [stderr]    Compiling getopts v0.2.21
[INFO] [stdout] warning: lint `intra_doc_link_resolution_failure` has been removed: use `rustdoc::broken_intra_doc_links` instead
[INFO] [stdout]  --> docs/src/main.rs:2:9
[INFO] [stdout]   |
[INFO] [stdout] 2 | #![deny(intra_doc_link_resolution_failure)]
[INFO] [stdout]   |         ^^^^^^^^^^^^^^^^^^^^^^^^^^^^^^^^^
[INFO] [stdout]   |
[INFO] [stdout]   = note: `#[warn(renamed_and_removed_lints)]` on by default
[INFO] [stdout] 
[INFO] [stdout] 
[INFO] [stderr]    Compiling textwrap v0.11.0
[INFO] [stderr]    Compiling generational-arena v0.2.3
[INFO] [stderr]    Compiling hashbrown v0.6.3
[INFO] [stderr]    Compiling term_grid v0.1.7
[INFO] [stderr]    Compiling lock_api v0.3.4
[INFO] [stderr]    Compiling cpp_synom v0.12.0
[INFO] [stderr]    Compiling advapi32-sys v0.2.0
[INFO] [stderr]    Compiling futures-channel-preview v0.3.0-alpha.16
[INFO] [stderr]    Compiling futures-io-preview v0.3.0-alpha.16
[INFO] [stdout] warning: 1 warning emitted
[INFO] [stdout] 
[INFO] [stdout] 
[INFO] [stderr]    Compiling rand_core v0.3.1
[INFO] [stderr]    Compiling humantime v1.3.0
[INFO] [stderr]    Compiling crc v1.8.1
[INFO] [stderr]    Compiling walkdir v2.2.9
[INFO] [stdout] error[E0658]: trait bounds other than `Sized` on const fn parameters are unstable
[INFO] [stdout]    --> /opt/rustwide/cargo-home/registry/src/github.com-1ecc6299db9ec823/lock_api-0.3.4/src/mutex.rs:106:6
[INFO] [stdout]     |
[INFO] [stdout] 106 | impl<R: RawMutex, T> Mutex<R, T> {
[INFO] [stdout]     |      ^
[INFO] [stdout]     |
[INFO] [stdout]     = note: see issue #57563 <https://github.com/rust-lang/rust/issues/57563> for more information
[INFO] [stdout]     = help: add `#![feature(const_fn_trait_bound)]` to the crate attributes to enable
[INFO] [stdout] 
[INFO] [stdout] 
[INFO] [stdout] error[E0658]: trait bounds other than `Sized` on const fn parameters are unstable
[INFO] [stdout]    --> /opt/rustwide/cargo-home/registry/src/github.com-1ecc6299db9ec823/lock_api-0.3.4/src/remutex.rs:162:6
[INFO] [stdout]     |
[INFO] [stdout] 162 | impl<R: RawMutex, G: GetThreadId, T> ReentrantMutex<R, G, T> {
[INFO] [stdout]     |      ^
[INFO] [stdout]     |
[INFO] [stdout]     = note: see issue #57563 <https://github.com/rust-lang/rust/issues/57563> for more information
[INFO] [stdout]     = help: add `#![feature(const_fn_trait_bound)]` to the crate attributes to enable
[INFO] [stdout] 
[INFO] [stdout] 
[INFO] [stdout] error[E0658]: trait bounds other than `Sized` on const fn parameters are unstable
[INFO] [stdout]    --> /opt/rustwide/cargo-home/registry/src/github.com-1ecc6299db9ec823/lock_api-0.3.4/src/remutex.rs:162:19
[INFO] [stdout]     |
[INFO] [stdout] 162 | impl<R: RawMutex, G: GetThreadId, T> ReentrantMutex<R, G, T> {
[INFO] [stdout]     |                   ^
[INFO] [stdout]     |
[INFO] [stdout]     = note: see issue #57563 <https://github.com/rust-lang/rust/issues/57563> for more information
[INFO] [stdout]     = help: add `#![feature(const_fn_trait_bound)]` to the crate attributes to enable
[INFO] [stdout] 
[INFO] [stdout] 
[INFO] [stderr]    Compiling nom v4.2.3
[INFO] [stdout] error[E0658]: trait bounds other than `Sized` on const fn parameters are unstable
[INFO] [stdout]    --> /opt/rustwide/cargo-home/registry/src/github.com-1ecc6299db9ec823/lock_api-0.3.4/src/rwlock.rs:271:6
[INFO] [stdout]     |
[INFO] [stdout] 271 | impl<R: RawRwLock, T> RwLock<R, T> {
[INFO] [stdout]     |      ^
[INFO] [stdout]     |
[INFO] [stdout]     = note: see issue #57563 <https://github.com/rust-lang/rust/issues/57563> for more information
[INFO] [stdout]     = help: add `#![feature(const_fn_trait_bound)]` to the crate attributes to enable
[INFO] [stdout] 
[INFO] [stdout] 
[INFO] [stderr]    Compiling itertools v0.8.0
[INFO] [stderr]    Compiling xmas-elf v0.7.0
[INFO] [stdout] error: aborting due to 4 previous errors
[INFO] [stdout] 
[INFO] [stdout] 
[INFO] [stdout] For more information about this error, try `rustc --explain E0658`.
[INFO] [stdout] 
[INFO] [stderr] error: could not compile `lock_api`
[INFO] [stderr] 
[INFO] [stderr] To learn more, run the command again with --verbose.
[INFO] [stderr] warning: build failed, waiting for other jobs to finish...
[INFO] [stderr] error: build failed
[INFO] running `Command { std: "docker" "inspect" "85623ce4f14be5af96c363a5f6ae67888f25488b6988e7782719c867bc4d766f", kill_on_drop: false }`
[INFO] running `Command { std: "docker" "rm" "-f" "85623ce4f14be5af96c363a5f6ae67888f25488b6988e7782719c867bc4d766f", kill_on_drop: false }`
[INFO] [stdout] 85623ce4f14be5af96c363a5f6ae67888f25488b6988e7782719c867bc4d766f
